{"id":10,"date":"2021-10-02T21:57:50","date_gmt":"2021-10-02T19:57:50","guid":{"rendered":"https:\/\/livserfaring.nu\/?page_id=10"},"modified":"2025-02-05T20:45:40","modified_gmt":"2025-02-05T19:45:40","slug":"om-forfatteren","status":"publish","type":"page","link":"https:\/\/livserfaring.nu\/?page_id=10","title":{"rendered":"Om forfatteren"},"content":{"rendered":"<h2>Om forfatteren<\/h2>\n<p>\n\n\n<\/p>\n<figure><img decoding=\"async\" src=\"https:\/\/livserfaring.nu\/wp-content\/uploads\/2021\/09\/Livet-er-en-opgave-Kirsten-Vinsten-Munk-1024x1024.jpeg\" alt=\"\"><\/figure>\n<p>\n\n<\/p>\n<p>Kirsten Vinsten Munk<\/p>\n<p>\n\n\n<\/p>\n<p><strong>Uddannelser<\/strong><br>P\u00e6dagoguddannelsen 1995-1999<br>Specialkursus i gennemgribende udviklingsforstyrrelser 1999-2000<br>Familieterapeutuddannelsen 2012-2016<\/p>\n<p>\n\n\n<\/p>\n<p><strong>Erhvervserfaring<\/strong><br>B\u00f8rnehjem 1999-2005<br>Integreret institution med s\u00e6rligt ansvar for et barn med Downs Syndrom 2005-2008<br>Gruppeordning p\u00e5 en folkeskole, for b\u00f8rn med autismespektrumforstyrrelser 2008-2018<br>2016 &#8211; nu Familieterapi<br>2018 &#8211; nu Arbejder med anbragte b\u00f8rn og familiebehandling<br>2021 Forfatter til bogen Livet er en (op)gave<\/p><p>\n\n<\/p>\n<p>\n\n\n\n<\/p>\n<p>\n\n\n\n<\/p>\n<p>\n\n\n<\/p>\n<p>\t\t\t<a href=\"https:\/\/livserfaring.nu\/?page_id=21\" role=\"button\"><br \/>\n\t\t\t\t\t\tKontakt Kirsten og bestil bogen<br \/>\n\t\t\t\t\t<\/a><\/p>\n\n\n<p><\/p>\n","protected":false},"excerpt":{"rendered":"<p>Om forfatteren Kirsten Vinsten Munk UddannelserP\u00e6dagoguddannelsen 1995-1999Specialkursus i gennemgribende udviklingsforstyrrelser 1999-2000Familieterapeutuddannelsen 2012-2016 ErhvervserfaringB\u00f8rnehjem 1999-2005Integreret institution med s\u00e6rligt ansvar for et barn med Downs Syndrom 2005-2008Gruppeordning p\u00e5 en folkeskole, for b\u00f8rn med autismespektrumforstyrrelser 2008-20182016 &#8211; nu Familieterapi2018 &#8211; nu Arbejder med anbragte b\u00f8rn og familiebehandling2021 Forfatter til bogen Livet er en (op)gave Kontakt Kirsten og bestil [&hellip;]<\/p>\n","protected":false},"author":1,"featured_media":0,"parent":0,"menu_order":0,"comment_status":"closed","ping_status":"closed","template":"","meta":{"footnotes":""},"class_list":["post-10","page","type-page","status-publish","hentry","entry"],"yoast_head":"<!-- This site is optimized with the Yoast SEO plugin v21.5 - https:\/\/yoast.com\/wordpress\/plugins\/seo\/ -->\n<title>Om forfatteren |<\/title>\n<meta name=\"robots\" content=\"index, follow, max-snippet:-1, max-image-preview:large, max-video-preview:-1\" \/>\n<link rel=\"canonical\" href=\"https:\/\/livserfaring.nu\/?page_id=10\" \/>\n<meta property=\"og:locale\" content=\"da_DK\" \/>\n<meta property=\"og:type\" content=\"article\" \/>\n<meta property=\"og:title\" content=\"Om forfatteren |\" \/>\n<meta property=\"og:description\" content=\"Om forfatteren Kirsten Vinsten Munk UddannelserP\u00e6dagoguddannelsen 1995-1999Specialkursus i gennemgribende udviklingsforstyrrelser 1999-2000Familieterapeutuddannelsen 2012-2016 ErhvervserfaringB\u00f8rnehjem 1999-2005Integreret institution med s\u00e6rligt ansvar for et barn med Downs Syndrom 2005-2008Gruppeordning p\u00e5 en folkeskole, for b\u00f8rn med autismespektrumforstyrrelser 2008-20182016 &#8211; nu Familieterapi2018 &#8211; nu Arbejder med anbragte b\u00f8rn og familiebehandling2021 Forfatter til bogen Livet er en (op)gave Kontakt Kirsten og bestil [&hellip;]\" \/>\n<meta property=\"og:url\" content=\"https:\/\/livserfaring.nu\/?page_id=10\" \/>\n<meta property=\"article:modified_time\" content=\"2025-02-05T19:45:40+00:00\" \/>\n<meta property=\"og:image\" content=\"https:\/\/livserfaring.nu\/wp-content\/uploads\/2021\/09\/Livet-er-en-opgave-Kirsten-Vinsten-Munk-1024x1024.jpeg\" \/>\n<meta name=\"twitter:card\" content=\"summary_large_image\" \/>\n<meta name=\"twitter:label1\" content=\"Estimeret l\u00e6setid\" \/>\n\t<meta name=\"twitter:data1\" content=\"1 minut\" \/>\n<script type=\"application\/ld+json\" class=\"yoast-schema-graph\">{\"@context\":\"https:\/\/schema.org\",\"@graph\":[{\"@type\":\"WebPage\",\"@id\":\"https:\/\/livserfaring.nu\/?page_id=10\",\"url\":\"https:\/\/livserfaring.nu\/?page_id=10\",\"name\":\"Om forfatteren |\",\"isPartOf\":{\"@id\":\"https:\/\/livserfaring.nu\/#website\"},\"datePublished\":\"2021-10-02T19:57:50+00:00\",\"dateModified\":\"2025-02-05T19:45:40+00:00\",\"breadcrumb\":{\"@id\":\"https:\/\/livserfaring.nu\/?page_id=10#breadcrumb\"},\"inLanguage\":\"da-DK\",\"potentialAction\":[{\"@type\":\"ReadAction\",\"target\":[\"https:\/\/livserfaring.nu\/?page_id=10\"]}]},{\"@type\":\"BreadcrumbList\",\"@id\":\"https:\/\/livserfaring.nu\/?page_id=10#breadcrumb\",\"itemListElement\":[{\"@type\":\"ListItem\",\"position\":1,\"name\":\"Hjem\",\"item\":\"https:\/\/livserfaring.nu\/\"},{\"@type\":\"ListItem\",\"position\":2,\"name\":\"Om forfatteren\"}]},{\"@type\":\"WebSite\",\"@id\":\"https:\/\/livserfaring.nu\/#website\",\"url\":\"https:\/\/livserfaring.nu\/\",\"name\":\"Livserfaring\",\"description\":\"\",\"publisher\":{\"@id\":\"https:\/\/livserfaring.nu\/#\/schema\/person\/4b75dd6cb004e5fb9ac83f0761907cd5\"},\"potentialAction\":[{\"@type\":\"SearchAction\",\"target\":{\"@type\":\"EntryPoint\",\"urlTemplate\":\"https:\/\/livserfaring.nu\/?s={search_term_string}\"},\"query-input\":\"required name=search_term_string\"}],\"inLanguage\":\"da-DK\"},{\"@type\":[\"Person\",\"Organization\"],\"@id\":\"https:\/\/livserfaring.nu\/#\/schema\/person\/4b75dd6cb004e5fb9ac83f0761907cd5\",\"name\":\"admin\",\"image\":{\"@type\":\"ImageObject\",\"inLanguage\":\"da-DK\",\"@id\":\"https:\/\/livserfaring.nu\/#\/schema\/person\/image\/\",\"url\":\"https:\/\/livserfaring.nu\/wp-content\/uploads\/2021\/10\/cropped-Original-on-Transparent.png\",\"contentUrl\":\"https:\/\/livserfaring.nu\/wp-content\/uploads\/2021\/10\/cropped-Original-on-Transparent.png\",\"width\":4629,\"height\":1205,\"caption\":\"admin\"},\"logo\":{\"@id\":\"https:\/\/livserfaring.nu\/#\/schema\/person\/image\/\"},\"sameAs\":[\"https:\/\/livserfaring.nu\"]}]}<\/script>\n<!-- \/ Yoast SEO plugin. -->","yoast_head_json":{"title":"Om forfatteren |","robots":{"index":"index","follow":"follow","max-snippet":"max-snippet:-1","max-image-preview":"max-image-preview:large","max-video-preview":"max-video-preview:-1"},"canonical":"https:\/\/livserfaring.nu\/?page_id=10","og_locale":"da_DK","og_type":"article","og_title":"Om forfatteren |","og_description":"Om forfatteren Kirsten Vinsten Munk UddannelserP\u00e6dagoguddannelsen 1995-1999Specialkursus i gennemgribende udviklingsforstyrrelser 1999-2000Familieterapeutuddannelsen 2012-2016 ErhvervserfaringB\u00f8rnehjem 1999-2005Integreret institution med s\u00e6rligt ansvar for et barn med Downs Syndrom 2005-2008Gruppeordning p\u00e5 en folkeskole, for b\u00f8rn med autismespektrumforstyrrelser 2008-20182016 &#8211; nu Familieterapi2018 &#8211; nu Arbejder med anbragte b\u00f8rn og familiebehandling2021 Forfatter til bogen Livet er en (op)gave Kontakt Kirsten og bestil [&hellip;]","og_url":"https:\/\/livserfaring.nu\/?page_id=10","article_modified_time":"2025-02-05T19:45:40+00:00","og_image":[{"url":"https:\/\/livserfaring.nu\/wp-content\/uploads\/2021\/09\/Livet-er-en-opgave-Kirsten-Vinsten-Munk-1024x1024.jpeg"}],"twitter_card":"summary_large_image","twitter_misc":{"Estimeret l\u00e6setid":"1 minut"},"schema":{"@context":"https:\/\/schema.org","@graph":[{"@type":"WebPage","@id":"https:\/\/livserfaring.nu\/?page_id=10","url":"https:\/\/livserfaring.nu\/?page_id=10","name":"Om forfatteren |","isPartOf":{"@id":"https:\/\/livserfaring.nu\/#website"},"datePublished":"2021-10-02T19:57:50+00:00","dateModified":"2025-02-05T19:45:40+00:00","breadcrumb":{"@id":"https:\/\/livserfaring.nu\/?page_id=10#breadcrumb"},"inLanguage":"da-DK","potentialAction":[{"@type":"ReadAction","target":["https:\/\/livserfaring.nu\/?page_id=10"]}]},{"@type":"BreadcrumbList","@id":"https:\/\/livserfaring.nu\/?page_id=10#breadcrumb","itemListElement":[{"@type":"ListItem","position":1,"name":"Hjem","item":"https:\/\/livserfaring.nu\/"},{"@type":"ListItem","position":2,"name":"Om forfatteren"}]},{"@type":"WebSite","@id":"https:\/\/livserfaring.nu\/#website","url":"https:\/\/livserfaring.nu\/","name":"Livserfaring","description":"","publisher":{"@id":"https:\/\/livserfaring.nu\/#\/schema\/person\/4b75dd6cb004e5fb9ac83f0761907cd5"},"potentialAction":[{"@type":"SearchAction","target":{"@type":"EntryPoint","urlTemplate":"https:\/\/livserfaring.nu\/?s={search_term_string}"},"query-input":"required name=search_term_string"}],"inLanguage":"da-DK"},{"@type":["Person","Organization"],"@id":"https:\/\/livserfaring.nu\/#\/schema\/person\/4b75dd6cb004e5fb9ac83f0761907cd5","name":"admin","image":{"@type":"ImageObject","inLanguage":"da-DK","@id":"https:\/\/livserfaring.nu\/#\/schema\/person\/image\/","url":"https:\/\/livserfaring.nu\/wp-content\/uploads\/2021\/10\/cropped-Original-on-Transparent.png","contentUrl":"https:\/\/livserfaring.nu\/wp-content\/uploads\/2021\/10\/cropped-Original-on-Transparent.png","width":4629,"height":1205,"caption":"admin"},"logo":{"@id":"https:\/\/livserfaring.nu\/#\/schema\/person\/image\/"},"sameAs":["https:\/\/livserfaring.nu"]}]}},"_links":{"self":[{"href":"https:\/\/livserfaring.nu\/index.php?rest_route=\/wp\/v2\/pages\/10","targetHints":{"allow":["GET"]}}],"collection":[{"href":"https:\/\/livserfaring.nu\/index.php?rest_route=\/wp\/v2\/pages"}],"about":[{"href":"https:\/\/livserfaring.nu\/index.php?rest_route=\/wp\/v2\/types\/page"}],"author":[{"embeddable":true,"href":"https:\/\/livserfaring.nu\/index.php?rest_route=\/wp\/v2\/users\/1"}],"replies":[{"embeddable":true,"href":"https:\/\/livserfaring.nu\/index.php?rest_route=%2Fwp%2Fv2%2Fcomments&post=10"}],"version-history":[{"count":37,"href":"https:\/\/livserfaring.nu\/index.php?rest_route=\/wp\/v2\/pages\/10\/revisions"}],"predecessor-version":[{"id":513,"href":"https:\/\/livserfaring.nu\/index.php?rest_route=\/wp\/v2\/pages\/10\/revisions\/513"}],"wp:attachment":[{"href":"https:\/\/livserfaring.nu\/index.php?rest_route=%2Fwp%2Fv2%2Fmedia&parent=10"}],"curies":[{"name":"wp","href":"https:\/\/api.w.org\/{rel}","templated":true}]}}