{"id":19,"date":"2021-09-25T09:40:22","date_gmt":"2021-09-25T07:40:22","guid":{"rendered":"https:\/\/livserfaring.nu\/?page_id=19"},"modified":"2025-02-05T20:55:08","modified_gmt":"2025-02-05T19:55:08","slug":"naar-psykisk-sygdom-rammer-familien","status":"publish","type":"page","link":"https:\/\/livserfaring.nu\/","title":{"rendered":"Livet er en (op)gave"},"content":{"rendered":"<h1>En bog om at v\u00e6re p\u00e5r\u00f8rende til mennesker med psykisk sygdom<\/h1>\n<p><img loading=\"lazy\" decoding=\"async\" src=\"https:\/\/livserfaring.nu\/wp-content\/uploads\/2021\/09\/Livet-er-en-opgave-Kirsten-Vinsten-Munk-1024x1024.jpeg\" sizes=\"auto, (max-width: 1024px) 100vw, 1024px\" srcset=\"https:\/\/livserfaring.nu\/wp-content\/uploads\/2021\/09\/Livet-er-en-opgave-Kirsten-Vinsten-Munk-1024x1024.jpeg 1024w, https:\/\/livserfaring.nu\/wp-content\/uploads\/2021\/09\/Livet-er-en-opgave-Kirsten-Vinsten-Munk-300x300.jpeg 300w, https:\/\/livserfaring.nu\/wp-content\/uploads\/2021\/09\/Livet-er-en-opgave-Kirsten-Vinsten-Munk-150x150.jpeg 150w, https:\/\/livserfaring.nu\/wp-content\/uploads\/2021\/09\/Livet-er-en-opgave-Kirsten-Vinsten-Munk-768x768.jpeg 768w, https:\/\/livserfaring.nu\/wp-content\/uploads\/2021\/09\/Livet-er-en-opgave-Kirsten-Vinsten-Munk-1536x1536.jpeg 1536w, https:\/\/livserfaring.nu\/wp-content\/uploads\/2021\/09\/Livet-er-en-opgave-Kirsten-Vinsten-Munk-2048x2048.jpeg 2048w, https:\/\/livserfaring.nu\/wp-content\/uploads\/2021\/09\/Livet-er-en-opgave-Kirsten-Vinsten-Munk-1568x1568.jpeg 1568w\" alt=\"Kirsten Vinsten Munk er forfatter til bogen Livet er en (op)gave\" width=\"1024\" height=\"1024\" \/><\/p>\n<p>Familie- og parterapeut Kirsten Vinsten Munk har skrevet en personlig beretning om at blive ramt som familie af psykisk sygdom.<\/p>\n<p>Hun fort\u00e6ller:<\/p>\n<p><em>Det er min fort\u00e6lling om den vandring, vi har v\u00e6ret p\u00e5. Fra at v\u00e6re en helt almindelig familie med mor, far og tre b\u00f8rn med de dr\u00f8mme og forestillinger, der har v\u00e6ret knyttet til det, til at skulle finde en ny m\u00e5lestok for gl\u00e6de og indhold i livet, efter psykisk sygdom har ramt os.<\/em><\/p>\n<p><em>S\u00e6rlige begivenheder, belastninger og medf\u00f8dt psykisk s\u00e5rbarhed har givet udfordringer som PTSD og ADHD hos min mand, og ADHD, autisme og OCD hos min s\u00f8n. <\/em><\/p>\n<p><em>Bogen handler om de m\u00f8der, vi har haft med \u201dsystemet\u201d, om vigtigheden af at blive m\u00f8dt ligev\u00e6rdigt, og om alt det, som betyder noget, men som ikke handler om penge.<\/em><\/p>\n<p><a role=\"button\" href=\"https:\/\/livserfaring.nu\/?page_id=21\"><br \/>\nBestil bogen her<br \/>\n<\/a><\/p>\n<h2>Psykiater Karen Steenholdt udtaler om bogen<\/h2>\n<p><i><b>Fort\u00e6llingen kommer fra et menneske, der selv arbejder i det system i samfundet,<br \/>\nder skal hj\u00e6lpe andre. Gribende og l\u00e6rerig l\u00e6sning b\u00e5de for dem med lignende<br \/>\nlivsbetingelser og for dem, der arbejder i alle dele af \u201dsystemet\u201d<\/b><\/i><br \/>\nKaren Steenholdt<br \/>\nSpeciall\u00e6ge i b\u00f8rne- og ungdomspsykiatri<\/p>\n<p><a role=\"button\" href=\"https:\/\/livserfaring.nu\/?page_id=223\"><br \/>\nL\u00e6s mere om bogen<br \/>\n<\/a><\/p>\n","protected":false},"excerpt":{"rendered":"<p>En bog om at v\u00e6re p\u00e5r\u00f8rende til mennesker med psykisk sygdom Familie- og parterapeut Kirsten Vinsten Munk har skrevet en personlig beretning om at blive ramt som familie af psykisk sygdom. Hun fort\u00e6ller: Det er min fort\u00e6lling om den vandring, vi har v\u00e6ret p\u00e5. Fra at v\u00e6re en helt almindelig familie med mor, far og [&hellip;]<\/p>\n","protected":false},"author":2,"featured_media":0,"parent":0,"menu_order":0,"comment_status":"closed","ping_status":"closed","template":"","meta":{"footnotes":""},"class_list":["post-19","page","type-page","status-publish","hentry","entry"],"yoast_head":"<!-- This site is optimized with the Yoast SEO plugin v21.5 - https:\/\/yoast.com\/wordpress\/plugins\/seo\/ -->\n<title>Livet er en (op)gave |<\/title>\n<meta name=\"description\" content=\"Er en bog der er skrevet af Kirsten Vinsten Munk, som er stifter af firmaet Livserfaring, som har ekspertise indenfor specialomr\u00e5det\" \/>\n<meta name=\"robots\" content=\"index, follow, max-snippet:-1, max-image-preview:large, max-video-preview:-1\" \/>\n<link rel=\"canonical\" href=\"https:\/\/livserfaring.nu\/\" \/>\n<meta property=\"og:locale\" content=\"da_DK\" \/>\n<meta property=\"og:type\" content=\"article\" \/>\n<meta property=\"og:title\" content=\"Livet er en (op)gave |\" \/>\n<meta property=\"og:description\" content=\"Er en bog der er skrevet af Kirsten Vinsten Munk, som er stifter af firmaet Livserfaring, som har ekspertise indenfor specialomr\u00e5det\" \/>\n<meta property=\"og:url\" content=\"https:\/\/livserfaring.nu\/\" \/>\n<meta property=\"article:modified_time\" content=\"2025-02-05T19:55:08+00:00\" \/>\n<meta property=\"og:image\" content=\"https:\/\/livserfaring.nu\/wp-content\/uploads\/2021\/09\/Livet-er-en-opgave-Kirsten-Vinsten-Munk-1024x1024.jpeg\" \/>\n<meta name=\"twitter:card\" content=\"summary_large_image\" \/>\n<meta name=\"twitter:label1\" content=\"Estimeret l\u00e6setid\" \/>\n\t<meta name=\"twitter:data1\" content=\"2 minutter\" \/>\n<script type=\"application\/ld+json\" class=\"yoast-schema-graph\">{\"@context\":\"https:\/\/schema.org\",\"@graph\":[{\"@type\":\"WebPage\",\"@id\":\"https:\/\/livserfaring.nu\/\",\"url\":\"https:\/\/livserfaring.nu\/\",\"name\":\"Livet er en (op)gave |\",\"isPartOf\":{\"@id\":\"https:\/\/livserfaring.nu\/#website\"},\"datePublished\":\"2021-09-25T07:40:22+00:00\",\"dateModified\":\"2025-02-05T19:55:08+00:00\",\"description\":\"Er en bog der er skrevet af Kirsten Vinsten Munk, som er stifter af firmaet Livserfaring, som har ekspertise indenfor specialomr\u00e5det\",\"breadcrumb\":{\"@id\":\"https:\/\/livserfaring.nu\/#breadcrumb\"},\"inLanguage\":\"da-DK\",\"potentialAction\":[{\"@type\":\"ReadAction\",\"target\":[\"https:\/\/livserfaring.nu\/\"]}]},{\"@type\":\"BreadcrumbList\",\"@id\":\"https:\/\/livserfaring.nu\/#breadcrumb\",\"itemListElement\":[{\"@type\":\"ListItem\",\"position\":1,\"name\":\"Hjem\",\"item\":\"https:\/\/livserfaring.nu\/\"},{\"@type\":\"ListItem\",\"position\":2,\"name\":\"Livet er en (op)gave\"}]},{\"@type\":\"WebSite\",\"@id\":\"https:\/\/livserfaring.nu\/#website\",\"url\":\"https:\/\/livserfaring.nu\/\",\"name\":\"Livserfaring\",\"description\":\"\",\"publisher\":{\"@id\":\"https:\/\/livserfaring.nu\/#\/schema\/person\/4b75dd6cb004e5fb9ac83f0761907cd5\"},\"potentialAction\":[{\"@type\":\"SearchAction\",\"target\":{\"@type\":\"EntryPoint\",\"urlTemplate\":\"https:\/\/livserfaring.nu\/?s={search_term_string}\"},\"query-input\":\"required name=search_term_string\"}],\"inLanguage\":\"da-DK\"},{\"@type\":[\"Person\",\"Organization\"],\"@id\":\"https:\/\/livserfaring.nu\/#\/schema\/person\/4b75dd6cb004e5fb9ac83f0761907cd5\",\"name\":\"admin\",\"image\":{\"@type\":\"ImageObject\",\"inLanguage\":\"da-DK\",\"@id\":\"https:\/\/livserfaring.nu\/#\/schema\/person\/image\/\",\"url\":\"https:\/\/livserfaring.nu\/wp-content\/uploads\/2021\/10\/cropped-Original-on-Transparent.png\",\"contentUrl\":\"https:\/\/livserfaring.nu\/wp-content\/uploads\/2021\/10\/cropped-Original-on-Transparent.png\",\"width\":4629,\"height\":1205,\"caption\":\"admin\"},\"logo\":{\"@id\":\"https:\/\/livserfaring.nu\/#\/schema\/person\/image\/\"},\"sameAs\":[\"https:\/\/livserfaring.nu\"]}]}<\/script>\n<!-- \/ Yoast SEO plugin. -->","yoast_head_json":{"title":"Livet er en (op)gave |","description":"Er en bog der er skrevet af Kirsten Vinsten Munk, som er stifter af firmaet Livserfaring, som har ekspertise indenfor specialomr\u00e5det","robots":{"index":"index","follow":"follow","max-snippet":"max-snippet:-1","max-image-preview":"max-image-preview:large","max-video-preview":"max-video-preview:-1"},"canonical":"https:\/\/livserfaring.nu\/","og_locale":"da_DK","og_type":"article","og_title":"Livet er en (op)gave |","og_description":"Er en bog der er skrevet af Kirsten Vinsten Munk, som er stifter af firmaet Livserfaring, som har ekspertise indenfor specialomr\u00e5det","og_url":"https:\/\/livserfaring.nu\/","article_modified_time":"2025-02-05T19:55:08+00:00","og_image":[{"url":"https:\/\/livserfaring.nu\/wp-content\/uploads\/2021\/09\/Livet-er-en-opgave-Kirsten-Vinsten-Munk-1024x1024.jpeg"}],"twitter_card":"summary_large_image","twitter_misc":{"Estimeret l\u00e6setid":"2 minutter"},"schema":{"@context":"https:\/\/schema.org","@graph":[{"@type":"WebPage","@id":"https:\/\/livserfaring.nu\/","url":"https:\/\/livserfaring.nu\/","name":"Livet er en (op)gave |","isPartOf":{"@id":"https:\/\/livserfaring.nu\/#website"},"datePublished":"2021-09-25T07:40:22+00:00","dateModified":"2025-02-05T19:55:08+00:00","description":"Er en bog der er skrevet af Kirsten Vinsten Munk, som er stifter af firmaet Livserfaring, som har ekspertise indenfor specialomr\u00e5det","breadcrumb":{"@id":"https:\/\/livserfaring.nu\/#breadcrumb"},"inLanguage":"da-DK","potentialAction":[{"@type":"ReadAction","target":["https:\/\/livserfaring.nu\/"]}]},{"@type":"BreadcrumbList","@id":"https:\/\/livserfaring.nu\/#breadcrumb","itemListElement":[{"@type":"ListItem","position":1,"name":"Hjem","item":"https:\/\/livserfaring.nu\/"},{"@type":"ListItem","position":2,"name":"Livet er en (op)gave"}]},{"@type":"WebSite","@id":"https:\/\/livserfaring.nu\/#website","url":"https:\/\/livserfaring.nu\/","name":"Livserfaring","description":"","publisher":{"@id":"https:\/\/livserfaring.nu\/#\/schema\/person\/4b75dd6cb004e5fb9ac83f0761907cd5"},"potentialAction":[{"@type":"SearchAction","target":{"@type":"EntryPoint","urlTemplate":"https:\/\/livserfaring.nu\/?s={search_term_string}"},"query-input":"required name=search_term_string"}],"inLanguage":"da-DK"},{"@type":["Person","Organization"],"@id":"https:\/\/livserfaring.nu\/#\/schema\/person\/4b75dd6cb004e5fb9ac83f0761907cd5","name":"admin","image":{"@type":"ImageObject","inLanguage":"da-DK","@id":"https:\/\/livserfaring.nu\/#\/schema\/person\/image\/","url":"https:\/\/livserfaring.nu\/wp-content\/uploads\/2021\/10\/cropped-Original-on-Transparent.png","contentUrl":"https:\/\/livserfaring.nu\/wp-content\/uploads\/2021\/10\/cropped-Original-on-Transparent.png","width":4629,"height":1205,"caption":"admin"},"logo":{"@id":"https:\/\/livserfaring.nu\/#\/schema\/person\/image\/"},"sameAs":["https:\/\/livserfaring.nu"]}]}},"_links":{"self":[{"href":"https:\/\/livserfaring.nu\/index.php?rest_route=\/wp\/v2\/pages\/19","targetHints":{"allow":["GET"]}}],"collection":[{"href":"https:\/\/livserfaring.nu\/index.php?rest_route=\/wp\/v2\/pages"}],"about":[{"href":"https:\/\/livserfaring.nu\/index.php?rest_route=\/wp\/v2\/types\/page"}],"author":[{"embeddable":true,"href":"https:\/\/livserfaring.nu\/index.php?rest_route=\/wp\/v2\/users\/2"}],"replies":[{"embeddable":true,"href":"https:\/\/livserfaring.nu\/index.php?rest_route=%2Fwp%2Fv2%2Fcomments&post=19"}],"version-history":[{"count":218,"href":"https:\/\/livserfaring.nu\/index.php?rest_route=\/wp\/v2\/pages\/19\/revisions"}],"predecessor-version":[{"id":507,"href":"https:\/\/livserfaring.nu\/index.php?rest_route=\/wp\/v2\/pages\/19\/revisions\/507"}],"wp:attachment":[{"href":"https:\/\/livserfaring.nu\/index.php?rest_route=%2Fwp%2Fv2%2Fmedia&parent=19"}],"curies":[{"name":"wp","href":"https:\/\/api.w.org\/{rel}","templated":true}]}}